{"id":158,"date":"2015-01-18T23:15:24","date_gmt":"2015-01-18T23:15:24","guid":{"rendered":"http:\/\/scala-catequesis.net\/scala\/?page_id=158"},"modified":"2015-04-23T12:50:22","modified_gmt":"2015-04-23T12:50:22","slug":"enlaces","status":"publish","type":"page","link":"http:\/\/scala-catequesis.net\/scala\/enlaces\/","title":{"rendered":"Enlaces"},"content":{"rendered":"<p><span style=\"text-decoration: underline;\"><strong>Argentina<\/strong><\/span><br \/>\n&#8211; <a href=\"http:\/\/isca.org.ar\/isca.php\" target=\"_blank\">Instituto Superior de Catequesis<\/a>: El ISCA es un instituto superior nacional de catequ\u00e9tica cuya finalidad se inscribe en el \u00e1mbito de la investigaci\u00f3n y de la formaci\u00f3n de formadores.<br \/>\n&#8211; <a href=\"http:\/\/www.catequesiscea.org.ar\" target=\"_blank\">Junta Nacional de Catequesis<\/a><br \/>\n&#8211; <a href=\"http:\/\/www.buenasnuevas.com\" target=\"_blank\">Buenas Nuevas<\/a>\u00a0es un sitio cat\u00f3lico dedicado al anuncio del Reino. Es una p\u00e1gina mantenida por Marcelo Mur\u00faa, asociado de SCALA<br \/>\n&#8211; <a href=\"http:\/\/institutoraspanti.com\" target=\"_blank\">Instituto Diocesano del Profesorado<\/a> Mons. Miguel Raspanti &#8211; Departamento de Pedagog\u00eda Catequ\u00edstica<\/p>\n<p><span style=\"text-decoration: underline;\"><strong>Brasil<\/strong><\/span><br \/>\n&#8211; <a href=\"http:\/\/www.catequeseebiblia.com.br\" target=\"_blank\">O blog da catequese e biblia CNBB Brasil<\/a><\/p>\n<p><span style=\"text-decoration: underline;\"><strong>Chile<\/strong><\/span><br \/>\n&#8211; <a href=\"http:\/\/www.inpas.cl\" target=\"_blank\">Instituto Pastoral Ap\u00f3stol Santiago<\/a>: formaci\u00f3n de los agentes pastorales, investigaci\u00f3n pastoral y la elaboraci\u00f3n de material did\u00e1ctico<\/p>\n<p><span style=\"text-decoration: underline;\"><strong>Costa Rica<\/strong><\/span><br \/>\n&#8211; <a href=\"http:\/\/cenacat.org\" target=\"_blank\">Centro Nacional de Catequesis<\/a><\/p>\n<p><span style=\"text-decoration: underline;\"><strong>Guatemala<\/strong><\/span><br \/>\n&#8211; <a href=\"http:\/\/www.iglesiacatolica.org.gt\/ccateq.htm\" target=\"_blank\">Comisi\u00f3n de Catequesis de la Conferencia Episcopal de Guatemala <\/a><\/p>\n<p><span style=\"text-decoration: underline;\"><strong>Peru<\/strong><\/span><br \/>\n&#8211; <a href=\"http:\/\/www.bibliaycatequesis.org\" target=\"_blank\">Comisi\u00f3n Episcopal de Catequesis y Pastoral B\u00edblica e Pastoral Ind\u00edgena<\/a><\/p>\n<p><span style=\"text-decoration: underline;\"><strong>Uruguay<\/strong><\/span><br \/>\n&#8211; <a href=\"http:\/\/iglesiacatolica.org.uy\/departamento-de-catequesis\/\" target=\"_blank\">Departamento de Catequesis de la Conferencia Episcopal del Uruguay<\/a><\/p>\n<p><span style=\"text-decoration: underline;\"><strong>Otras Sociedades de Catequetas<\/strong><\/span><br \/>\n&#8211; Italia: <a href=\"http:\/\/www.catechetica.it\" target=\"_blank\">Associazione Italiana dei Catecheti<\/a><br \/>\n&#8211; Espa\u00f1a: <a href=\"http:\/\/www.catequetas.es\" target=\"_blank\">Asociaci\u00f3n Espa\u00f1ola de Catequetas<\/a><\/p>\n","protected":false},"excerpt":{"rendered":"<p>Argentina &#8211; Instituto Superior de Catequesis: El ISCA es un instituto superior nacional de catequ\u00e9tica cuya finalidad se inscribe en el \u00e1mbito de la investigaci\u00f3n y de la formaci\u00f3n de &hellip;<\/p>\n","protected":false},"author":1,"featured_media":0,"parent":0,"menu_order":6,"comment_status":"closed","ping_status":"open","template":"","meta":{"footnotes":""},"class_list":["post-158","page","type-page","status-publish","hentry"],"_links":{"self":[{"href":"http:\/\/scala-catequesis.net\/scala\/wp-json\/wp\/v2\/pages\/158","targetHints":{"allow":["GET"]}}],"collection":[{"href":"http:\/\/scala-catequesis.net\/scala\/wp-json\/wp\/v2\/pages"}],"about":[{"href":"http:\/\/scala-catequesis.net\/scala\/wp-json\/wp\/v2\/types\/page"}],"author":[{"embeddable":true,"href":"http:\/\/scala-catequesis.net\/scala\/wp-json\/wp\/v2\/users\/1"}],"replies":[{"embeddable":true,"href":"http:\/\/scala-catequesis.net\/scala\/wp-json\/wp\/v2\/comments?post=158"}],"version-history":[{"count":3,"href":"http:\/\/scala-catequesis.net\/scala\/wp-json\/wp\/v2\/pages\/158\/revisions"}],"predecessor-version":[{"id":326,"href":"http:\/\/scala-catequesis.net\/scala\/wp-json\/wp\/v2\/pages\/158\/revisions\/326"}],"wp:attachment":[{"href":"http:\/\/scala-catequesis.net\/scala\/wp-json\/wp\/v2\/media?parent=158"}],"curies":[{"name":"wp","href":"https:\/\/api.w.org\/{rel}","templated":true}]}}