{"id":171,"date":"2015-01-20T23:08:27","date_gmt":"2015-01-20T23:08:27","guid":{"rendered":"http:\/\/scala-catequesis.net\/scala\/?page_id=171"},"modified":"2018-04-10T22:43:15","modified_gmt":"2018-04-10T22:43:15","slug":"fundacion","status":"publish","type":"page","link":"http:\/\/scala-catequesis.net\/scala\/quienes-somos-2\/fundacion\/","title":{"rendered":"Fundaci\u00f3n"},"content":{"rendered":"<p>La Asamblea fundante tuvo lugar en San Antonio (Texas), Estados Unidos el 13 de julio de 1995<\/p>\n<p><span style=\"text-decoration: underline;\"><strong>Tem\u00e1tica<\/strong><\/span>: La catequesis despu\u00e9s del CEC, de la IV Conferencia el Ep. L.A., del Congreso Int. de Sevilla y de la II Semana L.A. de Catequesis<\/p>\n<p><span style=\"text-decoration: underline;\"><strong>Publicaci\u00f3n<\/strong><\/span>: Libro Reflexiones Catequ\u00e9ticas &#8211; Ediciones Paulinas, Santaf\u00e9 de Bogot\u00e1, Colombia<\/p>\n<p><span style=\"text-decoration: underline;\"><strong>Participantes<\/strong><\/span>: 7 de Am\u00e9rica Latina, 7 de los Estados Unidos y 1 de Francia<\/p>\n<p><a href=\"http:\/\/scala-catequesis.net\/scala\/wp-content\/uploads\/2015\/01\/actitafundacional.jpg\"><img loading=\"lazy\" decoding=\"async\" class=\"aligncenter wp-image-172 \" src=\"http:\/\/scala-catequesis.net\/scala\/wp-content\/uploads\/2015\/01\/actitafundacional.jpg\" alt=\"\" width=\"215\" height=\"240\" \/><\/a><\/p>\n","protected":false},"excerpt":{"rendered":"<p>La Asamblea fundante tuvo lugar en San Antonio (Texas), Estados Unidos el 13 de julio de 1995 Tem\u00e1tica: La catequesis despu\u00e9s del CEC, de la IV Conferencia el Ep. L.A., &hellip;<\/p>\n","protected":false},"author":1,"featured_media":0,"parent":206,"menu_order":3,"comment_status":"closed","ping_status":"closed","template":"","meta":{"footnotes":""},"class_list":["post-171","page","type-page","status-publish","hentry"],"_links":{"self":[{"href":"http:\/\/scala-catequesis.net\/scala\/wp-json\/wp\/v2\/pages\/171","targetHints":{"allow":["GET"]}}],"collection":[{"href":"http:\/\/scala-catequesis.net\/scala\/wp-json\/wp\/v2\/pages"}],"about":[{"href":"http:\/\/scala-catequesis.net\/scala\/wp-json\/wp\/v2\/types\/page"}],"author":[{"embeddable":true,"href":"http:\/\/scala-catequesis.net\/scala\/wp-json\/wp\/v2\/users\/1"}],"replies":[{"embeddable":true,"href":"http:\/\/scala-catequesis.net\/scala\/wp-json\/wp\/v2\/comments?post=171"}],"version-history":[{"count":4,"href":"http:\/\/scala-catequesis.net\/scala\/wp-json\/wp\/v2\/pages\/171\/revisions"}],"predecessor-version":[{"id":575,"href":"http:\/\/scala-catequesis.net\/scala\/wp-json\/wp\/v2\/pages\/171\/revisions\/575"}],"up":[{"embeddable":true,"href":"http:\/\/scala-catequesis.net\/scala\/wp-json\/wp\/v2\/pages\/206"}],"wp:attachment":[{"href":"http:\/\/scala-catequesis.net\/scala\/wp-json\/wp\/v2\/media?parent=171"}],"curies":[{"name":"wp","href":"https:\/\/api.w.org\/{rel}","templated":true}]}}