{"id":206,"date":"2015-04-22T14:12:54","date_gmt":"2015-04-22T14:12:54","guid":{"rendered":"http:\/\/scala-catequesis.net\/scala\/?page_id=206"},"modified":"2015-04-23T14:32:14","modified_gmt":"2015-04-23T14:32:14","slug":"quienes-somos-2","status":"publish","type":"page","link":"http:\/\/scala-catequesis.net\/scala\/quienes-somos-2\/","title":{"rendered":"\u00bfQui\u00e9nes somos?"},"content":{"rendered":"<p>SCALA (Sociedad de Catequetas Latinoamericanos) es una Asociaci\u00f3n de personas apasionadas por la Catequesis. Despu\u00e9s de un largo proceso espec\u00edfico de formaci\u00f3n y experiencia, dedicamos buena parte de nuestra misi\u00f3n a reflexionar, producir y compartir un pensamiento catequ\u00e9tico lo m\u00e1s apropiado posible a la realidad de nuestro Continente de la Esperanza.<\/p>\n<p>Nos sentimos muy estimulados en nuestra misi\u00f3n por tres documentos recientes:<br \/>\na) el Directorio General para la Catequesis;<br \/>\nb) el Documento de la III Semana Latinoamericana de Catequesis;<br \/>\nc) el Documento de Aparecida.<\/p>\n<p>En nuestra pagina, humilde y sencilla, ofrecemos informaciones sobre SCALA y art\u00edculos, documentos, informes, relatos\u2026 de inter\u00e9s para el mundo catequ\u00e9tico.<\/p>\n<p><a href=\"http:\/\/scala-catequesis.net\/scala\/wp-content\/uploads\/2015\/01\/scala1.jpg\"><img loading=\"lazy\" decoding=\"async\" class=\"aligncenter wp-image-82 size-medium\" src=\"http:\/\/scala-catequesis.net\/scala\/wp-content\/uploads\/2015\/01\/scala1-300x225.jpg\" alt=\"scala\" width=\"300\" height=\"225\" srcset=\"http:\/\/scala-catequesis.net\/scala\/wp-content\/uploads\/2015\/01\/scala1-300x225.jpg 300w, http:\/\/scala-catequesis.net\/scala\/wp-content\/uploads\/2015\/01\/scala1-1024x768.jpg 1024w, http:\/\/scala-catequesis.net\/scala\/wp-content\/uploads\/2015\/01\/scala1.jpg 1200w\" sizes=\"auto, (max-width: 300px) 100vw, 300px\" \/><\/a><\/p>\n<p>La Sociedad de Catequetas Latinoamericanos, conocida por la sigla SCALA, fue fundada el 13 de julio de 1995 por un grupo de catequetas latinoamericanos en San Antonio, Texas. SCALA es una asociaci\u00f3n privada de fieles. Es un \u00e1mbito privilegiado de reflexi\u00f3n y producci\u00f3n catequ\u00e9tica, en esp\u00edritu de comuni\u00f3n y participaci\u00f3n al servicio de la nueva evangelizaci\u00f3n y de la catequesis.<\/p>\n<p>SCALA tiene como fin favorecer la convergencia de personas cualificadas en el campo de la catequesis, el libre intercambio de investigaciones y experiencias tendientes a promover el avance de esta \u00e1rea pastoral.<br \/>\nEst\u00e1 al servicio del pueblo de Dios en Am\u00e9rica Latina, El Caribe y las comunidades latinas de USA y Canad\u00e1, mediante la elaboraci\u00f3n de estudios sobre aspectos espec\u00edficos de la tarea catequ\u00edstica, la colaboraci\u00f3n interdisciplinaria, la respuesta a solicitudes y sugerencias dentro de su \u00e1rea, todo ello manteniendo fluidas relaciones con la Secci\u00f3n de Catequesis del CELAM y con otros organismos eclesiales afines.<\/p>\n<p><a href=\"http:\/\/scala-catequesis.net\/scala\/wp-content\/uploads\/2015\/01\/Estatutoesp2006.pdf\">Estatutos de SCALA (Espa\u00f1ol)<\/a><\/p>\n<p><a href=\"http:\/\/scala-catequesis.net\/scala\/wp-content\/uploads\/2015\/01\/Estatutopor2006.pdf\">Estatutos de SCALA (Portugues)<\/a><\/p>\n<p><a href=\"http:\/\/scala-catequesis.net\/scala\/wp-content\/uploads\/2015\/01\/LogoColor-FondoBlanco.jpg\"><img loading=\"lazy\" decoding=\"async\" class=\"aligncenter size-full wp-image-13\" src=\"http:\/\/scala-catequesis.net\/scala\/wp-content\/uploads\/2015\/01\/LogoColor-FondoBlanco.jpg\" alt=\"LogoColor-FondoBlanco\" width=\"187\" height=\"340\" srcset=\"http:\/\/scala-catequesis.net\/scala\/wp-content\/uploads\/2015\/01\/LogoColor-FondoBlanco.jpg 187w, http:\/\/scala-catequesis.net\/scala\/wp-content\/uploads\/2015\/01\/LogoColor-FondoBlanco-165x300.jpg 165w\" sizes=\"auto, (max-width: 187px) 100vw, 187px\" \/><\/a><\/p>\n","protected":false},"excerpt":{"rendered":"<p>SCALA (Sociedad de Catequetas Latinoamericanos) es una Asociaci\u00f3n de personas apasionadas por la Catequesis. Despu\u00e9s de un largo proceso espec\u00edfico de formaci\u00f3n y experiencia, dedicamos buena parte de nuestra misi\u00f3n &hellip;<\/p>\n","protected":false},"author":1,"featured_media":0,"parent":0,"menu_order":0,"comment_status":"closed","ping_status":"open","template":"","meta":{"footnotes":""},"class_list":["post-206","page","type-page","status-publish","hentry"],"_links":{"self":[{"href":"http:\/\/scala-catequesis.net\/scala\/wp-json\/wp\/v2\/pages\/206","targetHints":{"allow":["GET"]}}],"collection":[{"href":"http:\/\/scala-catequesis.net\/scala\/wp-json\/wp\/v2\/pages"}],"about":[{"href":"http:\/\/scala-catequesis.net\/scala\/wp-json\/wp\/v2\/types\/page"}],"author":[{"embeddable":true,"href":"http:\/\/scala-catequesis.net\/scala\/wp-json\/wp\/v2\/users\/1"}],"replies":[{"embeddable":true,"href":"http:\/\/scala-catequesis.net\/scala\/wp-json\/wp\/v2\/comments?post=206"}],"version-history":[{"count":2,"href":"http:\/\/scala-catequesis.net\/scala\/wp-json\/wp\/v2\/pages\/206\/revisions"}],"predecessor-version":[{"id":345,"href":"http:\/\/scala-catequesis.net\/scala\/wp-json\/wp\/v2\/pages\/206\/revisions\/345"}],"wp:attachment":[{"href":"http:\/\/scala-catequesis.net\/scala\/wp-json\/wp\/v2\/media?parent=206"}],"curies":[{"name":"wp","href":"https:\/\/api.w.org\/{rel}","templated":true}]}}